 Suppose q*a - 52 = 20*a. What is the highest common divisor of a and 39?
13
Suppose -4*y = 2*x - 1 - 15, 41 = 2*x - y. What is the highest common divisor of 96 and x?
6
Let x = -659 - -708. What is the highest common divisor of 7 and x?
7
Suppose 0 = -75*t + 14952 - 3702. Calculate the greatest common divisor of 210 and t.
30
Suppose -16*d + 13*d = -144. Calculate the greatest common divisor of d and 32.
16
Let a = -281 + 1129. Calculate the highest common divisor of a and 16.
16
Let o be (-13 + (-272)/48)/(2/(-3)). What is the greatest common divisor of 28 and o?
28
Let v(m) = -4*m**2 + 13*m**2 - 6*m**2 + 2*m - 2*m**2. Let t be v(2). What is the greatest common factor of t and 8?
8
Let n = -83 + 94. Let g = 14 + -3. Calculate the highest common divisor of n and g.
11
Let z = -263 - -359. Let i = 16 - 4. What is the highest common divisor of z and i?
12
Suppose 2*x = 6 + 2. Suppose 4*l + u = 69, 3*l - x*u + 42 = 6*l. Calculate the greatest common divisor of 126 and l.
18
Let f be (-3)/(3/(-32)) + 3. Let u be ((-6)/(-4) - 3)*-2. Let y = u + 11. Calculate the greatest common factor of y and f.
7
Let h = 1375 + -1338. What is the highest common divisor of h and 4736?
37
Let x(d) = 2*d**3 - 2*d**2 - 5*d + 10. Let q(p) = 2*p - 42. Let o be q(22). Let h be x(o). Calculate the highest common factor of 12 and h.
4
Let o = -83 + 128. Suppose 3*m - 2*q + 4*q = 20, 4*q = m + 12. Let r(g) = 7*g - 10. Let d be r(m). Calculate the greatest common divisor of o and d.
9
Let k be (-785)/(-5) + -4 - -1. Calculate the highest common factor of k and 56.
14
Let k = -281 - -287. What is the greatest common divisor of k and 6?
6
Suppose -12*o + 13*o = 0. Suppose -r + o = -8. Let d = -28 + 52. Calculate the greatest common factor of r and d.
8
Suppose -81*i + 2497 = -158693. What is the greatest common factor of i and 10?
10
Suppose -10 + 88 = -3*u. Let y = u - -56. What is the highest common factor of 75 and y?
15
Let n be 46*(6/4 + -1). Suppose r + 5*y + 404 = 0, 584 = -5*r + 3*y - 1436. Let k = -220 - r. What is the highest common factor of n and k?
23
Let l be (-8 - -39)*(0 - -1). Calculate the greatest common divisor of 465 and l.
31
Let u be ((-6 - -13) + -105)*1/2. Let q = 97 + u. What is the highest common factor of q and 12?
12
Let t be (12/10)/(68/1870). What is the greatest common divisor of t and 275?
11
Let u be (21/(-14))/(-3*1/456). Calculate the highest common factor of u and 12.
12
Let s be -7*(-3 - (-1 + -1)). Let r = -22 - -43. Suppose s*n = 8*n - r. What is the greatest common divisor of 42 and n?
21
Suppose 395 = 2*r - 5*c - 191, -2*c = -3*r + 890. Suppose i + r = 5*p, -4*p + 230 = -0*i - 5*i. What is the highest common factor of 20 and p?
20
Let k = -324 + 445. What is the greatest common factor of k and 11?
11
Let i be ((-100)/(-45))/((-4)/(-18)). Calculate the highest common divisor of 10 and i.
10
Let g = 1 - 2. Let q be g/((-9)/(-6))*-6. Suppose 7*a = a + 216. What is the highest common divisor of a and q?
4
Let s = 533 - 478. What is the highest common factor of 22 and s?
11
Suppose c - 1066 = 2*z - 307, 4*c - z - 3057 = 0. Let v = c + -1295. Let m be v/(-45) + (-2)/(-9). Calculate the greatest common factor of 84 and m.
12
Let s be 5 + 3 + (0 - 3). Suppose 3*m - 1629 = -5*f + 489, m = -s*f + 2116. Let d = f - 261. Calculate the highest common factor of d and 18.
18
Let k be 6/15 - 39/(-15). Suppose -3*t + 33 - k = 0. Let g be 52/t - (-1)/(-5). Calculate the highest common factor of g and 45.
5
Suppose -2*f = -3*a + 12, a = 2*a - 5*f - 4. Suppose -a*z + 1 = -15. Suppose -z*r + 57 = 3*i - 5, r - 3*i = 8. What is the greatest common factor of r and 7?
7
Let u(y) = y**2 - 7*y + 12. Let k be u(-6). Calculate the highest common divisor of k and 18.
18
Suppose -2*o = 4*o - 468. Let d = o + -57. What is the greatest common factor of d and 63?
21
Let b be 1/4 + (-4504)/(-32). Calculate the greatest common divisor of b and 94.
47
Let f(s) = 14*s**2 + 39*s + 57. Let z be f(-6). Calculate the highest common divisor of z and 6.
3
Let p be 1*(9 + -1) + -5 + 1. Calculate the greatest common divisor of 100 and p.
4
Let v(n) be the first derivative of 7*n**2/2 - 10*n + 1. Let r be v(4). Suppose 2 = -2*c + r. What is the highest common divisor of 16 and c?
8
Let s(m) = 117*m**2 - 4*m + 5. Let f(n) = -116*n**2 + 5*n - 6. Let z(w) = 5*f(w) + 6*s(w). Let h be z(-1). Calculate the greatest common divisor of h and 11.
11
Suppose 5*q - 142 = -o, -11*q = -16*q + 3*o + 154. What is the greatest common factor of 493 and q?
29
Let s = 16 - 12. Let k be 18/4 + s/(-8). Calculate the greatest common divisor of k and 4.
4
Let j = -14 + 64. Let s = 83 - j. What is the highest common factor of 22 and s?
11
Let z = -27 + -18. Let o = 113 + z. Suppose -6*h + 2*h = -2*y + o, 4*y - 5*h = 139. What is the highest common factor of 36 and y?
36
Let h = -231 - -238. Calculate the greatest common divisor of 1 and h.
1
Let x be 3*((-10)/6 - -2). Let g be (x - 2) + (5 - 4). Suppose 4*m + q - 67 = -g*q, 0 = -3*m + 3*q + 39. What is the highest common divisor of 176 and m?
16
Suppose -5*c = 3*h + 4, -c = 2*h + 2*c + 2. Suppose 4*r - 81 = -3*o, -r + 5*o + 1 = -h. Calculate the greatest common divisor of r and 72.
18
Suppose 2*m - i - 4 = 0, 0 = -m + 5*m + 2*i + 8. Let x = m + 2. Suppose -x*z + 4*z = 140. Calculate the greatest common divisor of z and 14.
14
Let z = 1414 + -1390. Calculate the greatest common factor of z and 222.
6
Let t = 398 + -394. What is the highest common divisor of t and 76?
4
Suppose -266 = 309*p - 328*p. Let b(h) = -h**3 - h**2 - h + 70. Let q be b(0). Calculate the highest common factor of q and p.
14
Suppose b = -5*v - 0*b + 16, 12 = -3*b. Suppose k - 2 = v. What is the highest common divisor of 4 and k?
2
Let c = 316 + -216. Calculate the greatest common factor of 350 and c.
50
Suppose -d - 54 = -71. What is the greatest common divisor of 391 and d?
17
Let c = -202 + 220. Calculate the highest common divisor of c and 6.
6
Let l = -46 - -28. Let t be (-12)/20 - l/5. What is the highest common divisor of 21 and t?
3
Suppose 4*o = -45 + 477. Calculate the highest common factor of 243 and o.
27
Let s be 40/12 + (-1)/3. Suppose s*x - 2*u - 55 = 19, 0 = 4*x + 2*u - 122. Let d = -78 - -134. What is the greatest common divisor of d and x?
28
Let l be -1 + 1 + 8240/(-6 + 14). Calculate the highest common factor of l and 20.
10
Let y = 685 + -311. Calculate the greatest common divisor of y and 102.
34
Suppose -26*m = -24*m - 152. What is the greatest common factor of 8 and m?
4
Suppose 3*a - 35 = -5*u, 9 = a + u - 0*u. Suppose -3*i - 78 = -a*i. Let m be (-65)/(-2)*20/25. Calculate the greatest common divisor of i and m.
13
Let z be 13920/270 + 16/36. What is the highest common factor of 20 and z?
4
Let h = -59 - -139. Suppose 31*i - 271 = 349. What is the highest common factor of h and i?
20
Let r be (8/6 + 0)/((-48)/72). Let f be (-5 - 7/21)/(r/42). Suppose -5*h = -h - 64. Calculate the highest common divisor of f and h.
16
Let x be 8076/108 + 2/9. Let b = x + -54. Calculate the greatest common divisor of b and 7.
7
Suppose -131 = -d - 17*y + 16*y, -2*y - 116 = -d. Calculate the highest common divisor of d and 441.
63
Let x be 30/(6 + (-28)/7). Let p(v) = -v**3 + 7*v**2 - 4*v - 7. Let n be p(6). What is the greatest common factor of x and n?
5
Let w(s) = s**2 + 15*s - 10. Let b(g) = -g + 1. Let q(k) = 4*b(k) + w(k). Let r be q(7). What is the greatest common divisor of r and 8?
8
Let q(b) = 11*b**2 + b + 2. Let r be q(-1). Calculate the greatest common divisor of r and 32.
4
Let l be 360 - (-5 + 9 + -14). Calculate the greatest common divisor of l and 40.
10
Let w be (12/(-8))/(6/(-16)). Let t be (14/1)/(w + -5). Let v(q) = -q**2 - 14*q + 10. Let h be v(t). What is the highest common divisor of h and 5?
5
Suppose 183*j - 187*j - 272 = 0. Let r(g) = -g**3 - g + 98. Let z be r(0). Let i = j + z. What is the highest common divisor of 45 and i?
15
Let b = 41 + -33. Let w = 40 + -28. What is the highest common factor of b and w?
4
Suppose -142*s = -133*s - 180. What is the greatest common factor of s and 30?
10
Let l(b) = -b**3 - 4*b**2 + 2*b - 3. Let k be l(-5). What is the highest common factor of k and 636?
12
Let f = -760 + 828. What is the highest common divisor